{"id":11,"date":"2017-06-30T14:24:47","date_gmt":"2017-06-30T12:24:47","guid":{"rendered":"http:\/\/www.fedetransinter.org\/?page_id=11"},"modified":"2017-06-30T14:24:47","modified_gmt":"2017-06-30T12:24:47","slug":"la-fti","status":"publish","type":"page","link":"https:\/\/www.fedetransinter.org\/index.php\/la-fti\/","title":{"rendered":"La FTI"},"content":{"rendered":"<div class=\"_3-8w\" style=\"text-align: justify;\">La F\u00e9d\u00e9ration Trans et Intersexes a \u00e9t\u00e9 cr\u00e9\u00e9e le 18 mars 2017, avec pour objectif de faire avancer la cause des personnes trans et intersexes en France.<\/div>\n<div><\/div>\n<h3>Nos valeurs :<\/h3>\n<div>\n<p>Les valeurs de la F\u00e9d\u00e9ration Trans et Intersexes sont : l\u2019autod\u00e9termination, l\u2019autonomie, l\u2019autoorganisation, dans une approche non m\u00e9dicaliste, non sexiste, non raciste, non validiste, non classiste, et contre l\u2019ensemble des discriminations, notamment et en particulier celles frappant les travailleur\/ses du sexe et les discriminations s\u00e9rophobes.<\/p>\n<p>Les organisations membres ne peuvent signer des textes en opposition avec les revendications de l\u2019Existrans 2016.<\/p>\n<p>Pour \u00eatre membre de la FTI, une organisation doit \u00eatre dirig\u00e9e majoritairement par des personnes trans et\/ou intersexes. Son objet principal doit \u00eatre la d\u00e9fense des droits des personnes trans et\/ou intersexes. L\u2019entr\u00e9e d\u2019une nouvelle organisation dans la f\u00e9d\u00e9ration est toujours soumise \u00e0 une premi\u00e8re pr\u00e9sentation par tout moyen \u00e0 sa disposition, puis au vote majoritaire des organisations membres lors d\u2019une discussion physique.<\/p>\n<p>Les r\u00e9unions de la f\u00e9d\u00e9ration ne sont pas ouvertes aux personnes cis dyadiques, sur la base de l\u2019autod\u00e9termination.<\/p>\n<\/div>\n<h3><\/h3>\n<h3>Les revendications de l&#8217;Existrans 2016 \u00e9taient :<\/h3>\n<ul>\n<li>\u00a0Le changement d\u2019\u00e9tat-civil libre et gratuit en mairie, sans condition m\u00e9dicale (ni st\u00e9rilisation ni suivi psychiatrique), sans homologation par un juge.<\/li>\n<li>La suppression de la mention de sexe \u00e0 l\u2019\u00e9tat-civil et sur l\u2019ensemble des documents d\u2019identit\u00e9.<\/li>\n<li>Le libre choix des parcours m\u00e9dicaux, sur la base du consentement \u00e9clair\u00e9, avec le maintien des remboursements en France et \u00e0 l\u2019\u00e9tranger.<\/li>\n<li>Le d\u00e9mant\u00e8lement des \u00e9quipes et protocoles hospitaliers et la formation des m\u00e9decins et chirurgiens fran\u00e7ais pour un suivi m\u00e9dical de qualit\u00e9, respectueux et d\u00e9psychiatris\u00e9.La formation et la sensibilisation des personnels en contact avec les personnes trans et intersexes (sant\u00e9, \u00e9ducation, social, administratif, justice, prisons, etc.), en lien avec les associations trans et intersexes.<\/li>\n<li>La mise en place de mesures pour favoriser l\u2019acc\u00e8s au monde du travail et aux \u00e9tudes et pour prot\u00e9ger les salari\u00e9Es trans et intersexes.<\/li>\n<li>La suppression des tests d\u2019identification sexuelle pour les comp\u00e9titions sportives.<\/li>\n<li>Le financement de campagnes de sensibilisation, en collaboration avec les associations trans et intersexes, pour lutter contre la transphobie et les violences m\u00e9dicales et sociales contre les personnes intersexes et pour la visibilit\u00e9 des personnes trans et intersexes.<\/li>\n<li>Le financement de la recherche et de la communication sur la sant\u00e9 des personnes trans et intersexes et de leurs partenaires (VIH\/sida, h\u00e9patites, IST, effets des traitements \u00e0 long terme, interactions m\u00e9dicamenteuses, etc).<\/li>\n<li>L\u2019abandon des lois p\u00e9nalisant le travail du sexe pr\u00e9carisant et mettant en danger les personnes trans et intersexes concern\u00e9es, y compris la p\u00e9nalisation des clients.<\/li>\n<li>Le respect des droits humains pour les personnes trans et intersexes en milieu carc\u00e9ral.<\/li>\n<li>La reconnaissance et la prise en compte de l\u2019extr\u00eame fragilit\u00e9 sociale des personnes trans et intersexes migrantEs sans papiers dans les demandes de r\u00e9gularisation et d\u2019asile.<\/li>\n<li>L\u2019arr\u00eat imm\u00e9diat des op\u00e9rations et des mutilations, des st\u00e9rilisations, \u201ctraitements\u201d chimiques ou hormonaux forc\u00e9s, des pratiques psychiatriques impos\u00e9es sur les enfants et adolescent-e-s intersexes, l\u2019accompagnement psychologique non pathologisant de leurs parents et l\u2019accompagnement \u00e0 l\u2019auto-d\u00e9termination des Intersexes, conform\u00e9ment \u00e0 la r\u00e9solution 1952 (2013) du Conseil de l\u2019Europe pour le droit des enfants \u00e0 l\u2019int\u00e9grit\u00e9 physique.<\/li>\n<li>La suppression de la caract\u00e9risation de l\u2019intersexuation comme \u201ctroubles du d\u00e9veloppement sexuel\u201d dans la classification internationales des maladies et sa d\u00e9clinaison dans les textes r\u00e9glementaires en France.Le retrait du \u00ab trouble de l\u2019identit\u00e9 sexuelle \u00bb des manuels internationaux de diagnostic : DSM V et CIM 10.<\/li>\n<li>L\u2019accompagnement des enfants et adolescents dans leur autod\u00e9termination, y compris le respect et la protection de toute expression de genre, le respect des pr\u00e9noms et genre choisis, notamment dans le cadre scolaire, l\u2019acc\u00e8s sur la base du consentement \u00e9clair\u00e9 aux traitements hormonaux et\/ou bloquant la pubert\u00e9, comme aux autres traitements ou op\u00e9rations, et l\u2019acc\u00e8s au changement d\u2019\u00e9tat-civil.<\/li>\n<li>L\u2019acc\u00e8s \u00e0 la PMA et le respect des droits des parents trans et intersexes, notamment par la modification des actes officiels des enfants et des partenaires.<\/li>\n<li>La prise en compte par les m\u00e9dias du kit de l\u2019Association des Journalistes LGBT (AJL) pour le respect des personnes trans et intersexes.<\/li>\n<\/ul>\n","protected":false},"excerpt":{"rendered":"<p>La F\u00e9d\u00e9ration Trans et Intersexes a \u00e9t\u00e9 cr\u00e9\u00e9e le 18 mars 2017, avec pour objectif de faire avancer la cause des personnes trans et intersexes en France. Nos valeurs : Les valeurs de la F\u00e9d\u00e9ration Trans et Intersexes sont : l\u2019autod\u00e9termination, l\u2019autonomie, l\u2019autoorganisation, dans une approche non m\u00e9dicaliste, non sexiste,&#8230;<\/p>\n<p> <a class=\"continue-reading-link\" href=\"https:\/\/www.fedetransinter.org\/index.php\/la-fti\/\"><span>Continue reading<\/span><i class=\"crycon-right-dir\"><\/i><\/a> <\/p>\n","protected":false},"author":1,"featured_media":0,"parent":0,"menu_order":0,"comment_status":"closed","ping_status":"closed","template":"","meta":[],"_links":{"self":[{"href":"https:\/\/www.fedetransinter.org\/index.php\/wp-json\/wp\/v2\/pages\/11"}],"collection":[{"href":"https:\/\/www.fedetransinter.org\/index.php\/wp-json\/wp\/v2\/pages"}],"about":[{"href":"https:\/\/www.fedetransinter.org\/index.php\/wp-json\/wp\/v2\/types\/page"}],"author":[{"embeddable":true,"href":"https:\/\/www.fedetransinter.org\/index.php\/wp-json\/wp\/v2\/users\/1"}],"replies":[{"embeddable":true,"href":"https:\/\/www.fedetransinter.org\/index.php\/wp-json\/wp\/v2\/comments?post=11"}],"version-history":[{"count":0,"href":"https:\/\/www.fedetransinter.org\/index.php\/wp-json\/wp\/v2\/pages\/11\/revisions"}],"wp:attachment":[{"href":"https:\/\/www.fedetransinter.org\/index.php\/wp-json\/wp\/v2\/media?parent=11"}],"curies":[{"name":"wp","href":"https:\/\/api.w.org\/{rel}","templated":true}]}}

<div class="_3-8w" style="text-align: justify;">La Fédération Trans et Intersexes a été créée le 18 mars 2017, avec pour objectif de faire avancer la cause des personnes trans et intersexes en France.</div>
<div></div>
<h3>Nos valeurs :</h3>
<div>
<p>Les valeurs de la Fédération Trans et Intersexes sont : l’autodétermination, l’autonomie, l’autoorganisation, dans une approche non médicaliste, non sexiste, non raciste, non validiste, non classiste, et contre l’ensemble des discriminations, notamment et en particulier celles frappant les travailleur/ses du sexe et les discriminations sérophobes.</p>
<p>Les organisations membres ne peuvent signer des textes en opposition avec les revendications de l’Existrans 2016.</p>
<p>Pour être membre de la FTI, une organisation doit être dirigée majoritairement par des personnes trans et/ou intersexes. Son objet principal doit être la défense des droits des personnes trans et/ou intersexes. L’entrée d’une nouvelle organisation dans la fédération est toujours soumise à une première présentation par tout moyen à sa disposition, puis au vote majoritaire des organisations membres lors d’une discussion physique.</p>
<p>Les réunions de la fédération ne sont pas ouvertes aux personnes cis dyadiques, sur la base de l’autodétermination.</p>
</div>
<h3></h3>
<h3>Les revendications de l&#8217;Existrans 2016 étaient :</h3>
<ul>
<li> Le changement d’état-civil libre et gratuit en mairie, sans condition médicale (ni stérilisation ni suivi psychiatrique), sans homologation par un juge.</li>
<li>La suppression de la mention de sexe à l’état-civil et sur l’ensemble des documents d’identité.</li>
<li>Le libre choix des parcours médicaux, sur la base du consentement éclairé, avec le maintien des remboursements en France et à l’étranger.</li>
<li>Le démantèlement des équipes et protocoles hospitaliers et la formation des médecins et chirurgiens français pour un suivi médical de qualité, respectueux et dépsychiatrisé.La formation et la sensibilisation des personnels en contact avec les personnes trans et intersexes (santé, éducation, social, administratif, justice, prisons, etc.), en lien avec les associations trans et intersexes.</li>
<li>La mise en place de mesures pour favoriser l’accès au monde du travail et aux études et pour protéger les salariéEs trans et intersexes.</li>
<li>La suppression des tests d’identification sexuelle pour les compétitions sportives.</li>
<li>Le financement de campagnes de sensibilisation, en collaboration avec les associations trans et intersexes, pour lutter contre la transphobie et les violences médicales et sociales contre les personnes intersexes et pour la visibilité des personnes trans et intersexes.</li>
<li>Le financement de la recherche et de la communication sur la santé des personnes trans et intersexes et de leurs partenaires (VIH/sida, hépatites, IST, effets des traitements à long terme, interactions médicamenteuses, etc).</li>
<li>L’abandon des lois pénalisant le travail du sexe précarisant et mettant en danger les personnes trans et intersexes concernées, y compris la pénalisation des clients.</li>
<li>Le respect des droits humains pour les personnes trans et intersexes en milieu carcéral.</li>
<li>La reconnaissance et la prise en compte de l’extrême fragilité sociale des personnes trans et intersexes migrantEs sans papiers dans les demandes de régularisation et d’asile.</li>
<li>L’arrêt immédiat des opérations et des mutilations, des stérilisations, “traitements” chimiques ou hormonaux forcés, des pratiques psychiatriques imposées sur les enfants et adolescent-e-s intersexes, l’accompagnement psychologique non pathologisant de leurs parents et l’accompagnement à l’auto-détermination des Intersexes, conformément à la résolution 1952 (2013) du Conseil de l’Europe pour le droit des enfants à l’intégrité physique.</li>
<li>La suppression de la caractérisation de l’intersexuation comme “troubles du développement sexuel” dans la classification internationales des maladies et sa déclinaison dans les textes réglementaires en France.Le retrait du « trouble de l’identité sexuelle » des manuels internationaux de diagnostic : DSM V et CIM 10.</li>
<li>L’accompagnement des enfants et adolescents dans leur autodétermination, y compris le respect et la protection de toute expression de genre, le respect des prénoms et genre choisis, notamment dans le cadre scolaire, l’accès sur la base du consentement éclairé aux traitements hormonaux et/ou bloquant la puberté, comme aux autres traitements ou opérations, et l’accès au changement d’état-civil.</li>
<li>L’accès à la PMA et le respect des droits des parents trans et intersexes, notamment par la modification des actes officiels des enfants et des partenaires.</li>
<li>La prise en compte par les médias du kit de l’Association des Journalistes LGBT (AJL) pour le respect des personnes trans et intersexes.</li>
</ul>

<p>La Fédération Trans et Intersexes a été créée le 18 mars 2017, avec pour objectif de faire avancer la cause des personnes trans et intersexes en France. Nos valeurs : Les valeurs de la Fédération Trans et Intersexes sont : l’autodétermination, l’autonomie, l’autoorganisation, dans une approche non médicaliste, non sexiste,&#8230;</p>
<p> <a class="continue-reading-link" href="https://www.fedetransinter.org/index.php/la-fti/"><span>Continue reading</span><i class="crycon-right-dir"></i></a> </p>
